 of (3 - 1 - -4) + 1?
7
Evaluate -1 - -2 - (-3 + -1).
5
What is the value of 6 + (2 - 0) + -3?
5
What is the value of -1 + 5 - (32 + -25)?
-3
Evaluate -18 - -17 - (-4 + 0).
3
Calculate 11 + (-10 - 7) - -11.
5
3 - (11 + -1 - 3)
-4
What is 6 + -7 + (3 - (-2 - -5))?
-1
Calculate 6 + (-1 - -5) + -28 + 25.
7
What is the value of -2 + 7 + (-1 - (4 + -1))?
1
10 - (8 - (-2 - -1))
1
What is the value of 7 + 2 + -4 + 0 + -5?
0
What is (0 + 3 - (9 + -6)) + 3?
3
Calculate 3 + 1 + -3 + 15 + -11.
5
Calculate 3 + -5 + (-2 - -9) - 3.
2
Evaluate (4 - (-7 - -14)) + -4.
-7
What is the value of 12 + (1 - 4) + -2 + -2?
5
Calculate 8 + ((0 - -5) + -4 - 4).
5
What is the value of 2 - 2 - (1 - (0 + -7))?
-8
What is the value of (-4 - 3) + 3 + 7?
3
What is the value of 1 + 2 - (-12 - -19) - -6?
2
Evaluate (-8 - -3) + 0 + -7 + 7.
-5
Calculate 3 + -1 + 2 + 2 + -1.
5
Evaluate -2 + 0 + (-12 - -7) - -7.
0
-9 + 11 + -7 - -9
4
What is (3 - -2) + (-16 - -10) - 7?
-8
What is the value of -4 - -3 - (-1 + 4)?
-4
1 + -4 + (7 - 3)
1
What is the value of 6 - (2 + (8 - 10))?
6
What is 0 + -3 + (-8 - -21 - 3)?
7
What is the value of -6 - ((-9 - (9 - 8)) + 4)?
0
What is the value of 2 - -3 - 3 - 2 - 2?
-2
What is (2 - 2) + 2 + (-37 - -37)?
2
What is -3 + -4 - -3 - 1?
-5
What is the value of (11 - (15 - 9)) + -10?
-5
Evaluate -6 + 3 + 4 - 5.
-4
-8 + (7 - 7) + 6
-2
What is 1 - (-32 + 28 - (-6 - 1))?
-2
Calculate -9 + (-3 - -1 - 2) + 5.
-8
-5 + ((0 - -1) + 1 - -7)
4
Calculate -1 - (6 + -6) - 3.
-4
Evaluate -7 + 9 - (2 + -5 + 6).
-1
Calculate 2 + -4 + (0 - 2).
-4
What is the value of (-3 - -1) + 0 + 0 + 4?
2
Calculate -7 + (11 - 6) + 2.
0
5 - (3 - (1 + -2))
1
Evaluate -2 - (-6 + 10 + -2).
-4
What is the value of -8 + 4 + 3 - 2?
-3
What is 152 + -149 - (1 - 2)?
4
Calculate (-8 - 1) + (-21 - -26).
-4
What is (2 - (-3 + 4 + -2)) + 2?
5
What is the value of 1 + 7 + -9 - -4?
3
Calculate -2 + 7 - 15 - -11.
1
What is (-8 - -4) + (-9 - -8)?
-5
-3 + (3 - -4 - 7 - 6)
-9
What is -14 + (13 - -3) - (3 - 1)?
0
What is the value of 7 + (1 - 6) + 3 + -5?
0
What is 6 - (1 + -2 - (-14 - -9))?
2
Evaluate 5 - (-12 + 18 + 2).
-3
Evaluate -24 - -8 - -4 - -18.
6
What is the value of (-3 - (-15 + -3)) + -1 + -8?
6
Calculate 7 + -6 + -3 - (-8 + 0).
6
What is the value of (609 - 610) + (-7 + 1 - 1)?
-8
Evaluate -1 + 3 + -22 + 18.
-2
What is the value of -8 + 12 + 2 + (-14 - 1)?
-9
What is 2 - (-7 - -13) - (1 - 1)?
-4
What is 1 + (0 - -2) + -4 + -4?
-5
What is the value of 1 + (-4 - -5) - 6?
-4
What is the value of (-6 - 1) + -1 + 4?
-4
Evaluate -3 - (0 - -1) - 1.
-5
What is the value of -4 + (-3 - -3) + (2 - -2)?
0
What is the value of -3 + 0 - (10 - 30 - -17)?
0
(0 - 5) + (2 - 5) + 3
-5
Evaluate 8 - 6 - (2 - (-2 - 0)).
-2
Calculate (-48 - -53) + 0 + -6.
-1
Calculate 4 + -3 - (4 - 2) - 1.
-2
Evaluate 2 - (0 + 1) - (146 - 149).
4
What is (-2 - -1) + -1 + -2?
-4
(-4 - -1) + 67 + -68
-4
-4 + (1 - (-3 + 2) - -3)
1
-5 + -2 + 9 - -1
3
What is the value of 13 + -11 + (-4 - (-3 + 6))?
-5
-11 + 3 + 8 - 5
-5
Calculate 8 + 0 + (28 - 39).
-3
0 - (27 - 10 - 11)
-6
What is the value of -2 + 5 + 2 - 5?
0
Evaluate 5 - (9 - 5 - 3).
4
Evaluate (8 - -2) + -6 + 0 + 0.
4
7 + -4 + (-7 - (-6 - 1))
3
What is the value of (-12 - -17) + (0 - 3)?
2
What is -5 + 5 - 7 - -8?
1
Evaluate (2 - 1) + -1 + -1.
-1
Calculate 1 + (5 - 5) + -3 + 3.
1
Evaluate (-2 + 3 - 0) + -2 + 5.
4
0 + 0 - (3 - (18 + -11))
4
(0 - -7 - -1) + -1
7
Evaluate 38 + -42 + (1 - -4).
1
What is -8 + (2 + 3 + -2 - 0)?
-5
(4 - (-1 - -2)) + 0 + -6
-3
Calculate -2 + (6 + -5 - 7) + 2.
-6
What is the value of -1 - (5 - (5 + 2))?
1
Calculate 0 + (-4 - 3) - -5.
-2
What is 0 + 3 + -1 + -1 + -1?
0
What is 14 - (11 - 4 - -2)?
5
What is 0 - -8 - (-2 - 0 - -5)?
5
What is 8 + -11 + (2 - 5)?
-6
What is the value of 93 + -100 - (-5 - 1) - 9?
-10
Calculate -13 - (9 - (37 - 6)).
9
Calculate (-2 - -1) + -3 + 3.
-1
What is -2 + 0 + 8 + -7?
-1
What is the value of -1 - -3 - (4 + 3)?
-5
What is 4 - (-4 - -5 - 3)?
6
-4 + 4 + (0 - (-1 + 3))
-2
Evaluate 7 + 12 + -5 + -9.
5
What is the value of -2 + 5 + (3 - 5)?
1
Evaluate -1 - (-1 + 3 + -1 + 0).
-2
Calculate -9 - (3 - (4 - -10)).
2
Evaluate -5 - (-2 + -11 + 3).
5
What is -4 - (4 + (3 - 3) + -3)?
-5
What is the value of 4 - (-2 + 6 + -5 + 5)?
0
5 - ((4 - 19) + 9)
11
What is the value of -14 + 14 - (3 - -1)?
-4
(10 - 11) + 4 - (11 - 1)
-7
Evaluate (1 - 2) + (-47 - -50).
2
What is the value of -3 - (-1 + 0 - (11 - 11))?
-2
Calculate 3 + -1 - -1 - (8 - 0).
-5
What is the value of -3 + (5 - 7) + 2 + 2?
-1
What is the value of (2 - 2) + (-1 - (1 - -1))?
-3
Evaluate (-3 - 2 - (-20 + 11)) + -4.
0
Calculate (2 - 1) + 2 - (-7 - -8).
2
Evaluate 0 + (1 - 1) - (-14 + 14).
0
What is the value of -1 - (-5 - (0 + -6))?
-2
Calculate -7 + (4 - -1) + -1.
-3
(-14 + 4 - -4) + 7
1
(7 - 11 - -7) + -1
2
Evaluate 5 + (2 - 6) + 0.
1
Evaluate (1 - 1) + -4 - (1 - 5).
0
What is the value of 4 + -7 + 5 + 2?
4
Calculate 2 + -1 - (4 + -6).
3
What is the value of 3 - (-9 - (-2 - 2)) - 3?
5
(-4 - -1 - 3) + 5
-1
Calculate 3 - 3 - -5 - 1.
4
Evaluate (3 - (-3 + 4 + 0)) + 0.
2
6 + -6 + 3 + 0 + -4
-1
Calculate -12 - (-28 + 4 + 7).
5
Evaluate -3 + 1 - (-17 + 20).
-5
What is the value of -5 - (-2 - 3 - -1)?
-1
What is -1 - ((0 - -7) + -4 + -8)?
4
What is -3 + 3 - (3 + 2 - 8)?
3
(-2 - -4) + -4 + (6 - 12)
-8
What is 0 - ((0 - -1) + 0)?
-1
Calculate (5 - (7 - 7)) + -5.
0
Evaluate 0 - 0 - (16 + -13).
-3
What is the value of (-1 - 0) + (-15 - -21) - 2?
3
10 - 7 - ((0 - -4) + 3)
-4
Evaluate (-7 - (-3 - -5)) + (8 - 2).
-3
-4 + (2 - 0 - -1 - 4)
-5
What is the value of 2 + -3 + (-8 - -1) - -5?
-3
Calculate -4 + 2 + 4 + 7 + -6.
3
Calculate 1 + -4 + -1 - -5.
1
What is 23 + -18 + -6 + 0 - 1?
-2
0 + -5 + 4 + 5 + 2
6
0 - (-14 - -5) - 12
-3
What is -1 + (1 - 1 - 1 - -7)?
5
Evaluate -7 - (2 - (-4 + 4)) - 2.
-11
0 + 6 + 0 + -3 - -2
5
What is 8 + (2 - 5) + 1?
6
What is -7 - ((-11 - (3 - 0)) + 7)?
0
What is the value of 8 + 1 + -5 + 0?
4
Calculate -14 + 14 + -2 - (0 + -4).
2
What is 3 - (-5 - -19 - 8)?
-3
What is (3 - (9 - 4)) + -2?
-4
Calculate -1 - (4 + 1 + -2 + 1).
-5
Calculate -46 + 56 - (15 + -1).
-4
What is (2 - 1) + -11 + 5 + 10?
5
Evaluate -4 - (-16 + 15) - (-3 - -2).
-2
What is the value of 2 - -1 - (8 - 4 - 1)?
0
What is 5 - 3 - (-12 - -21)?
-7
What is 1 - (-1 - (3 - 5) - 0)?
0
11 + -2 + -29 + 15 + 15
10
What is -3 + (10 - 9 - (-1 - -4))?
-5
What is the value of 2 + (4 - (6 - 1))?
1
Calculate 10 + (-1 - -2) + (-3 - 0).
8
-2 - (-3 - 6 - -7)
0
What is the value of 1 + (-5 - -4) + 2?
2
What is (3 - 2) + (0 - (-1 + 6))?
-4
What is (-17 - (-7 - -3)) + 3 - -7?
-3
4 + 3 + -6 - -2
3
What is the value of 2 + -2 + (4 - 4)?
0
Evaluate -8 - (-11 + (3 - -5) - -1).
-6
What is 0 + (-4 - 3) + (-11 - -21)?
3
Calculate 0 + -3 + -3 + 8.
2
Evaluate (-9 - -5 - 3) + 4.
-3
Evaluate (7 - 11) + -5 + 8.
-1
What is the value of -5 + (-5 - -1) + 6?
-3
Evaluate 6 + (-5 - -5) + -5.
1
What is -9 + 4 + -1 - -4?
-2
What is the value of 1 - -7 - (2 + -1) - 3?
4
What is the value of (0 - -4) + 2 + (1 - 5)?
2
Calculate -5 + 4 - -2 - 4.
-3
What is -1 + 4 + 6 + 7 + -15?
1
Calculate 1 + -2 - ((1 - -3) + -4).
-1
Evaluate (-7 + (-4 - -6) - -4) + 0.
-1
-2 - (-4 - (1 + (0 - -4)))
7
Calculate (-9 + 5 - (0 - 0)) + 5.
1
What is the value of 0 - (2 + 3 + -2 - 1)?
-2
What is 3 + 1 + -2 - (25 + -24)?
1
(0 - (-5 - -1)) + -4 + -4
-4
-3 + 3 + -2 + 5
3
What is the value of 6 + (-2 + 0 + -3 - -2)?
3
Evaluate 5 - 2 - (2 + -1 + -2).
4
Calculate (-2 - 0) + 1 + 3.
2
What is (-1 - 6) + 20 + -8?
5
What is 1 + -3 + -3 + 3 + -2?
-4
Evaluate 35 + -35 + -1 + 4.
3
-1 - 0 - (-1 - (0 - -2))
2
What is the value of (2 + 5 - (0 - -3)) + -11?
-7
-1 + (-1 - (-3 + 6 - 2))
-3
What is (-3 + 6 - -3) + -5?
1
What is the value of -2 + (-1 - 0) - (-5 + 10)?
-8
What is (0 - 1) + 2 + -1 - 0?
0
Calculate -6 + 1 - -3 - -3.
1
Calculate -4 + (14 - 2 - 3).
5
Evaluate 2 - (0 + 3) - 4.
-5
1 + (2 + 4 + -9 - -7)
5
Evaluate 0 - (1 + 4) - (-8 - -5).
-2
What is the value of 1 - -4 - ((12 - 5) + -7)?
5
What is (3 - (9 - 4 - -1)) + -3?
-6
Evaluate 2 + (0 - -7) + -5.
4
What is the value of -22 + 12 + (5 - -2)?
-3
Calculate -14 + (0 - (6 - (-1 + 10))).
-11
Evaluate -1 + 0 + -3 + (-1 - -6).
1
Evaluate -5 - (0 - 1 - (6 + -4)).
-2
What is the value of (1 + -4 - 3 - -5) + -1?
-2
What is -3 - (-